2*d + 30 + 15 = 5*c. What is the greatest common divisor of d and b?
7
Let d(p) = -3*p - 1. Let n be d(-2). Let s be 3 + 9 + -5 + 3. What is the greatest common factor of n and s?
5
Suppose 5*i = -2*v - 20, -2*v - 8 = -4*i + 3*i. Let s(c) = c**2 - c - 6. Let q be s(v). Calculate the greatest common factor of 168 and q.
24
Let v be 82/(-10) - 1/(-5). Let r be (-218)/v + (-1)/4. Let a = r - 9. What is the highest common factor of 36 and a?
18
Let a(s) = -15*s**3 - 1. Suppose -4 - 3 = -j - 4*z, -5*j - 3*z + 1 = 0. Let i be a(j). What is the greatest common factor of i and 14?
14
Let w = 13 - -4. Calculate the highest common factor of w and 153.
17
Suppose 5*c + 518 = 3*d, -702 = -4*d - 2*c + 3*c. What is the greatest common divisor of 16 and d?
16
Let o(n) = n**2 + n + 1. Let i be o(-4). Let m = -9 + i. What is the greatest common factor of 16 and m?
4
Let a be 8/(-10) + -2*58/(-20). What is the greatest common divisor of 55 and a?
5
Let j be (-1 + 1 - -72) + 0. Suppose 0 = l + 3*l, -2*l = 4*u - j. What is the highest common factor of u and 6?
6
Let f(o) = -51*o - 3. Let y be f(-2). Calculate the greatest common divisor of y and 66.
33
Suppose -3*n + 4*w - 3 = 0, 2*w + 10 + 11 = -3*n. Let v(a) = -a - 4. Let f be v(n). What is the greatest common divisor of 11 and f?
1
Suppose 5*n + 3*o - 83 = -0*o, 4*n + 5*o - 69 = 0. Let i be (-8)/(-20) - n/(-10). Let q be (3 + 11 - 1) + i. Calculate the greatest common divisor of q and 15.
15
Let o = 108 - 84. Let y be 144/(-1)*3/(-2). Calculate the greatest common factor of o and y.
24
Let i(g) = 6*g**2 + g + 5. Let v be i(5). Let z(a) = -a**3 + 4*a**2 + 4*a - 1. Let t be z(4). Let w = t - -5. Calculate the greatest common divisor of w and v.
20
Let b(i) = 28*i**2 + 2*i + 1. Let m be b(2). Suppose -3*s + 2*c = 35 - m, -2*c - 34 = -s. What is the greatest common factor of 8 and s?
8
Suppose -6*k + 25 = -k. Suppose -k*b = -7 - 113. Suppose -a - a = -b. Calculate the greatest common factor of 3 and a.
3
Let i be 1 + -4 + -1 + 15. What is the highest common factor of 11 and i?
11
Suppose 52 = 5*d + 12. Suppose 0*n + 4*n + 2*p - 8 = 0, -4*n + d = p. Suppose 0 = -w - 0 + 5. Calculate the greatest common divisor of n and w.
1
Let a(j) = j**3 + 7*j**2 - 4*j - 4. Let i be a(-7). What is the highest common divisor of i and 8?
8
Let t = 2 - -3. Suppose -2*d = 3 - 9. Suppose -d*g = -0*g - 45. Calculate the highest common divisor of t and g.
5
Let r be (-6)/15 + 0 + 554/10. Calculate the highest common divisor of 5 and r.
5
Let d be (-53)/(-2) + (2/4)/1. What is the highest common divisor of 216 and d?
27
Let t be 0/(-1) + 4 + -1. Suppose 20 = -5*p, -5*j + 64 = p + t*p. What is the highest common factor of 2 and j?
2
Let q(o) = -5*o - 5. Let h be q(-2). What is the highest common divisor of h and 20?
5
Suppose 3*w - 181 + 50 = -2*x, 3*x - 189 = -3*w. Suppose -3*r + 53 = 5*c, 3*r + 0*c - x = -4*c. What is the highest common divisor of r and 13?
13
Let x = 5 + 1. Calculate the greatest common factor of 24 and x.
6
Let p(v) = 2*v**2 - 2*v - 16. Let j be p(5). What is the greatest common divisor of 216 and j?
24
Suppose -b = -2*d + 7*d - 12, 4*d + 176 = 5*b. Suppose 58 = 4*k - 3*v, -k + 24 = -0*k + 4*v. Calculate the highest common divisor of b and k.
16
Suppose 5*l = -25, -7*n = -2*n - 5*l - 125. What is the greatest common factor of n and 80?
20
Suppose -52*r + 180 = -48*r. Let z = 2 + 7. Calculate the greatest common factor of z and r.
9
Let l = 9 - 5. Suppose -5*d + 2*o + 14 = -l*d, d + 3*o = 4. What is the greatest common factor of 80 and d?
10
Let n be (-4)/(1 - 2) - -1. Suppose -2*s - 165 + 37 = -3*k, 180 = 5*k + n*s. What is the highest common divisor of 5 and k?
5
Let a = 8 - 6. Suppose -a*w = -3*t - 33, t = w - t - 19. Suppose -h + w = 1. What is the greatest common divisor of 32 and h?
8
Let u(c) = c**3 - 5*c**2 - 2*c + 12. Let b be u(6). Calculate the greatest common factor of b and 90.
18
Let b(h) be the first derivative of 3*h**4/4 + h**3/3 + 2*h + 2. Let x be b(2). What is the highest common divisor of x and 20?
10
Let y = 43 + -30. Suppose -3*j = -c + 2*c - y, -4*c + 3*j + 37 = 0. What is the highest common factor of c and 10?
10
Suppose -p + 0*p = 2*f - 5, p + 5*f = 20. Let c be (-6)/15 + (-12)/p. Calculate the greatest common factor of c and 6.
2
Let d = -108 + 244. What is the greatest common factor of d and 17?
17
Suppose -2*k = -4*q - 16, 0 = -3*k + k - 2*q - 2. Suppose 264 = 4*o - k*o. Let c = -5 + 17. Calculate the greatest common divisor of c and o.
12
Let q be 0/(-1 + (-3)/(-1)). Suppose 3*t + 2*t = q. Suppose -2*h + 0*h - 10 = t, 3*b = -4*h + 19. Calculate the highest common divisor of b and 117.
13
Suppose -228 = -2*w - w. Let y = -27 + w. What is the highest common factor of 7 and y?
7
Suppose 4*m + 4 = 2*z, 0 = 2*z + 2*m - 0*m - 16. Suppose 0 = o - 1 - z. Suppose 0 = 4*p - p - 21. Calculate the greatest common factor of o and p.
7
Let z(m) = -15*m**3 + 2*m**2 - 1. Let o be z(1). Let k = o - -20. Let q(y) = 2*y**2 + 2*y + 6. Let n be q(k). Calculate the highest common divisor of 9 and n.
9
Suppose -k - r + 8 = 0, 4*r = -2*k + 8*r + 22. Calculate the highest common factor of 72 and k.
9
Suppose 4*i - 5*k = 14, i = 3*i - 4*k - 10. Calculate the highest common factor of 1 and i.
1
Let l(s) = 2*s**3 + 27*s**2 + 12*s + 11. Let y be l(-13). What is the highest common divisor of 40 and y?
8
Let r = 24 + -16. Calculate the highest common divisor of 16 and r.
8
Let z be (4 + 14)*6*1. Calculate the greatest common divisor of z and 12.
12
Suppose -2*s + 0*h + 60 = -5*h, 3*h + 150 = 5*s. What is the highest common factor of 360 and s?
30
Suppose -2*h + 24 = -0*h. Let n = 17 - h. Suppose 5*w + f = -3*f + 166, -n*f = -w + 10. What is the highest common factor of 12 and w?
6
Let d = -23 - -25. Suppose -4*u = -d*u - 20. Calculate the highest common divisor of u and 40.
10
Suppose 23 - 5 = 6*m. Let z be 8 - (m + -1 - 4). Calculate the highest common divisor of z and 90.
10
Suppose 2 = 2*k, -4*k - 1 - 15 = -5*v. Let i be (-15)/(-2)*v/6. What is the greatest common factor of i and 40?
5
Let z = 253 + -163. Calculate the highest common divisor of z and 18.
18
Suppose -5*k = 1 + 4. Let s(m) = 8*m**2 - 3*m - 2. Let g be s(k). Calculate the highest common divisor of 18 and g.
9
Let j be (-21 - -9)*(-1)/2. Calculate the greatest common factor of 6 and j.
6
Let c be (264/154)/(2/(-35)). Let i(v) = v**3 + 4*v**2 + 2*v - 4. Let p be i(-4). Let z = p - c. Calculate the highest common factor of z and 144.
18
Let f be (432/(-15))/((-3)/15). Let z(j) = j. Let x be z(-6). Let c be 40/x*12/(-5). Calculate the highest common divisor of f and c.
16
Let f(t) = -t**3 - 6*t**2 + 10*t - 8. Let d be f(-8). What is the highest common factor of d and 20?
20
Let r be (-9)/((-27)/(-6)) - -5. Calculate the greatest common divisor of 12 and r.
3
Let d = 2 + -1. Let s be 8 - (2 - d)*-2. Suppose -5*i + 360 = -i. Calculate the highest common factor of s and i.
10
Let k(b) = -b**3 + 8*b**2 + 4*b - 1. Let s be k(7). What is the highest common factor of 19 and s?
19
Let t be ((-140)/8)/(-5)*2. Let q be (t/(-14))/((-2)/56). What is the greatest common divisor of 7 and q?
7
Suppose 8 = -b + 9. Calculate the greatest common factor of b and 9.
1
Let l be (-6)/(-4*3/30). Suppose 2*c = 9 + l. What is the highest common factor of 132 and c?
12
Let z(f) = 7*f - 9. Let j be z(3). Let r = -11 + 59. What is the greatest common factor of j and r?
12
Suppose 3*z = -0*z + 168. Let q be ((-5)/4)/((-2)/z). Let s = -10 - -15. What is the highest common factor of s and q?
5
Let k = 85 + -30. Calculate the highest common divisor of 44 and k.
11
Suppose -200 = -14*x + 9*x. Calculate the highest common divisor of x and 360.
40
Let l = 0 + 3. Let c be (-4)/(-6) + 7/l. Suppose 0 = c*i - 7*i + 40. Calculate the highest common factor of i and 5.
5
Let z be (-1)/3*-51 + -4. Calculate the highest common factor of z and 65.
13
Suppose 4*t + t = 90. Suppose -5*o - d = 2*d - 72, 0 = o - d - 8. Calculate the highest common factor of t and o.
6
Suppose 30 = 9*c - 3*c. Suppose 5*p + 10 = 5*t, 2*p + 0*t = t. Suppose 144 = 5*f - 2*y, -4*f - p*y = -131 + c. What is the greatest common divisor of 15 and f?
15
Let r = -93 + 205. Calculate the greatest common divisor of 16 and r.
16
